{"id":495,"date":"2020-02-05T15:00:33","date_gmt":"2020-02-05T14:00:33","guid":{"rendered":"http:\/\/teszt1.bcch.com\/?page_id=495"},"modified":"2025-05-23T19:43:38","modified_gmt":"2025-05-23T17:43:38","slug":"the-council","status":"publish","type":"page","link":"https:\/\/bcch.com\/?page_id=495","title":{"rendered":"The Council"},"content":{"rendered":"<p>[et_pb_section fb_built=&#8221;1&#8243; _builder_version=&#8221;4.16&#8243; global_colors_info=&#8221;{}&#8221;][et_pb_row _builder_version=&#8221;4.16&#8243; global_colors_info=&#8221;{}&#8221;][et_pb_column type=&#8221;4_4&#8243; _builder_version=&#8221;4.16&#8243; global_colors_info=&#8221;{}&#8221;][et_pb_image src=&#8221;https:\/\/bcch.com\/wp-content\/uploads\/2023\/05\/duncan.png&#8221; title_text=&#8221;duncan&#8221; show_bottom_space=&#8221;off&#8221; align=&#8221;center&#8221; _builder_version=&#8221;4.21.0&#8243; width=&#8221;200px&#8221; height=&#8221;200px&#8221; border_radii=&#8221;on|100px|100px|100px|100px&#8221; box_shadow_style=&#8221;preset1&#8243; global_colors_info=&#8221;{}&#8221;][\/et_pb_image][et_pb_text _builder_version=&#8221;4.27.4&#8243; text_font=&#8221;|600|||||||&#8221; text_font_size=&#8221;13px&#8221; hover_enabled=&#8221;0&#8243; global_colors_info=&#8221;{}&#8221; sticky_enabled=&#8221;0&#8243;]<\/p>\n<p style=\"text-align: center;\"><strong><span style=\"color: #c32127;\">Duncan Graham<\/span><\/strong><\/p>\n<p style=\"text-align: center;\"><strong>BCCH Chairman<br \/>&amp;<br \/><\/strong><b>Managing Director<\/b><br \/><span style=\"color: #c32127;\"><strong><a href=\"http:\/\/ggwealth.com\/\" style=\"color: #c32127;\">G&amp;G Wealth Limited<\/a><\/strong><\/span><\/p>\n<p style=\"text-align: center;\"><strong><\/strong><\/p>\n<p>As the Managing Director of G&amp;G Wealth Limited, Duncan Graham is responsible for the direction and growth of a company providing private financial and investment services in Budapest. He successfully opened G&amp;G Wealth Ltd in 2012, an independent company delivering quality investment advice with a personal touch, with clients in Europe and the Middle East. He is a member of Aisa International, s.r.o. trading as OpesFidelio, regulated by the Czech National Bank to act as an independent securities trader (MiFID) within the EEA.<\/p>\n<p>His past experiences in the UK have included working in Edinburgh, Scotland for Newton Barr Plc as a Senior Adviser (an FCA regulated investment firm) as well as Allianz (Cornhill Insurance) in a national role.<\/p>\n<p>As the current President of the St Andrew\u2019s Egyesu\u0308let, Duncan has brought the St Andrew\u2019s Ball from a small gathering of 40 guests to the current attendance of 200 in a few short years. The Ball (held in November) raises funds for local charities, which currently include Tabitha Haz, a Hospice for children in T\u00f6r\u00f6kb\u00e1lint. Duncan was also involved with turning the La\u0301nchi\u0301d Bridge blue and white on St Andrew\u2019s Day, to commemorate Adam Clark the Scottish engineer. Adam Clark is famous for engineering the bridge and the tunnel under the Castle, which connected Buda and Pest directly to develop local trade.<\/p>\n<p>Duncan has developed a broad contact base in Hungary (including other Chambers of Commerce) which has helped bring new guests to Chamber events and develop interesting and informative business meetings. He has now completed six years as Chairman and has enjoyed the ongoing challenges and successes of the Chamber.<\/p>\n<p>Now living full time in Budapest since 2011, Duncan has moved his life and career to Hungary but still regularly visits friends and relatives in Scotland. With two adult sons, he now has time to devote to the BCCH as well as his business interests.<\/p>\n<p style=\"font-weight: 400; text-align: center;\">Linkedin:<span>\u00a0<\/span><a href=\"https:\/\/www.linkedin.com\/in\/duncan-graham-4b5a2722\">Click here to open<\/a><\/p>\n<p>[\/et_pb_text][\/et_pb_column][\/et_pb_row][et_pb_row column_structure=&#8221;1_2,1_2&#8243; _builder_version=&#8221;4.16&#8243; global_colors_info=&#8221;{}&#8221;][et_pb_column type=&#8221;1_2&#8243; _builder_version=&#8221;4.16&#8243; global_colors_info=&#8221;{}&#8221;][et_pb_image src=&#8221;https:\/\/bcch.com\/wp-content\/uploads\/2025\/05\/Diokno-Dennis.png&#8221; title_text=&#8221;Diokno-Dennis&#8221; align=&#8221;center&#8221; _builder_version=&#8221;4.27.4&#8243; width=&#8221;200px&#8221; height=&#8221;200px&#8221; hover_enabled=&#8221;0&#8243; border_radii=&#8221;on|100px|100px|100px|100px&#8221; box_shadow_style=&#8221;preset1&#8243; global_colors_info=&#8221;{}&#8221; sticky_enabled=&#8221;0&#8243;][\/et_pb_image][et_pb_text _builder_version=&#8221;4.27.4&#8243; text_font_size=&#8221;13px&#8221; hover_enabled=&#8221;0&#8243; global_colors_info=&#8221;{}&#8221; sticky_enabled=&#8221;0&#8243;]<\/p>\n<p style=\"text-align: center;\"><span style=\"color: #c32127;\"><strong>Dennis Diokno<br \/><\/strong><span style=\"color: #333333;\">BCCH Treasurer<\/span><\/span><\/p>\n<p style=\"text-align: center;\"><strong><span>CEO<\/span><br \/><span style=\"color: #c32127;\">FirstMed-FMC Kft.<\/span><\/strong><\/p>\n<p>Dennis\u00a0Diokno is the founder and CEO of FirstMed, a private healthcare provider that has served Budapest\u2019s international community since 1999. With a clinic approaching five years of operation in Rome and another set to open in Milan this summer, FirstMed is growing its footprint across Europe while maintaining a strong focus on quality, patient-centered care.<\/p>\n<p>With over 30 years of international business experience,\u00a0Dennis\u00a0brings a pragmatic, growth-oriented perspective to his work, with a strong emphasis on service and cross-cultural collaboration.<\/p>\n<p>He previously served three consecutive terms on the BCCH Council, initially joining to help the Chamber support small and medium-sized enterprises (SMEs). After stepping down to focus on FirstMed\u2019s strategic expansion, he is now keen to return and contribute to the Chamber\u2019s ongoing success.<\/p>\n<p>An American citizen and long-term resident of Hungary,\u00a0Dennis\u00a0holds a Master\u2019s in International Management from ASU-Thunderbird. He also co-founded the International Business Chamber in Rome and serves on its board.<\/p>\n<p>Dennis\u00a0is committed to helping the BCCH remain a dynamic platform for business networking, knowledge exchange, and advocacy, especially for SMEs and international members navigating the Hungarian market.<\/p>\n<p>[\/et_pb_text][\/et_pb_column][et_pb_column type=&#8221;1_2&#8243; _builder_version=&#8221;4.16&#8243; global_colors_info=&#8221;{}&#8221;][et_pb_image src=&#8221;https:\/\/bcch.com\/wp-content\/uploads\/2023\/06\/DSC_3134crop2.png&#8221; title_text=&#8221;DSC_3134crop2&#8243; align=&#8221;center&#8221; _builder_version=&#8221;4.21.0&#8243; height=&#8221;200px&#8221; hover_enabled=&#8221;0&#8243; border_radii=&#8221;on|100px|100px|100px|100px&#8221; global_colors_info=&#8221;{}&#8221; sticky_enabled=&#8221;0&#8243;][\/et_pb_image][et_pb_text _builder_version=&#8221;4.27.4&#8243; text_font_size=&#8221;13px&#8221; custom_margin=&#8221;||14px|||&#8221; hover_enabled=&#8221;0&#8243; global_colors_info=&#8221;{}&#8221; sticky_enabled=&#8221;0&#8243;]<\/p>\n<p style=\"text-align: center;\"><span style=\"color: #c32127;\"><strong>Andr\u00e1s M\u00f3dos<br \/><\/strong><\/span><strong><\/strong>BCCH Vice-Chair<\/p>\n<p style=\"text-align: center;\"><strong>Partner &amp;<br \/>Head of Tax and Legal Services<br \/><\/strong><span style=\"color: #c32127;\"><b>EY<\/b><\/span><\/p>\n<p>[\/et_pb_text][et_pb_text _builder_version=&#8221;4.27.4&#8243; text_font_size=&#8221;13px&#8221; hover_enabled=&#8221;0&#8243; global_colors_info=&#8221;{}&#8221; sticky_enabled=&#8221;0&#8243;]<\/p>\n<p>Andr\u00e1s has been active in the international economic and business circles since his graduation as a Master of International Relations at Corvinus University of Budapest. After a brief stint in diplomacy with the Ministry of Foreign Affairs and the International Centre for Democratic Transition between 2008 and 2011, Andr\u00e1s turned his focus to international business by joining the Big4 as an international tax advisor in 2011.<\/p>\n<p>Since starting his career in tax advisory, he has always been keen to serve multinational clients in various fields. With EY, he had to opportunity to serve North American multinationals at EY\u2019s New York office in 2016 and 2017. Since his return to Hungary in March 2017, Andr\u00e1s has been responsible for overseeing EY Hungary\u2019s tax services to clients that have background in the UK. To that end, he shares his time between Budapest and London.<\/p>\n<p>Andr\u00e1s (being a Hungarian national) is a linguistics enthusiast and speaks English and Spanish fluently. He is also an avid practitioner of martial arts.<\/p>\n<p>[\/et_pb_text][\/et_pb_column][\/et_pb_row][et_pb_row column_structure=&#8221;1_2,1_2&#8243; _builder_version=&#8221;4.16&#8243; global_colors_info=&#8221;{}&#8221;][et_pb_column type=&#8221;1_2&#8243; _builder_version=&#8221;4.16&#8243; global_colors_info=&#8221;{}&#8221;][et_pb_image src=&#8221;https:\/\/bcch.com\/wp-content\/uploads\/2025\/05\/4iG-Fekete-Peter-portre2.png&#8221; title_text=&#8221;4iG-Fekete-Peter-portre2&#8243; align=&#8221;center&#8221; _builder_version=&#8221;4.27.4&#8243; height=&#8221;200px&#8221; hover_enabled=&#8221;0&#8243; border_radii=&#8221;on|200px|200px|200px|200px&#8221; global_colors_info=&#8221;{}&#8221; sticky_enabled=&#8221;0&#8243;][\/et_pb_image][et_pb_text _builder_version=&#8221;4.27.4&#8243; text_font_size=&#8221;13px&#8221; hover_enabled=&#8221;0&#8243; global_colors_info=&#8221;{}&#8221; sticky_enabled=&#8221;0&#8243;]<\/p>\n<p style=\"text-align: center;\"><strong><span style=\"color: #c32127;\">P\u00e9ter Fekete<\/span><\/strong><\/p>\n<p style=\"text-align: center;\"><strong>Group CEO<br \/><span style=\"color: #c32127;\">4iG Group<\/span><\/strong><\/p>\n<p style=\"text-align: center;\"><strong><span style=\"color: #c32127;\"><\/span><\/strong><\/p>\n<p>P\u00e9ter graduated from Corvinus University in 2005, alongside which he studied at HEC in Paris and also attended the MBA program at the University of North Carolina.<\/p>\n<p>He started his professional career in London, at CIBC World Markets, a Canadian investment bank. Afterwards, he worked for several renowned international investment banks such as UBS Investment Bank, Jefferies International and Houlihan Lockey, where he acquired significant experience in acquisition and corporate finance.<\/p>\n<p>He joined Konzum Plc. as Deputy CEO in September 2017. He has been working for 4iG Plc. since July 2019, initially as presidential consultant, and\u00a0since summer 2020, as Deputy CEO and a member of the Board of Directors.<\/p>\n<p>[\/et_pb_text][\/et_pb_column][et_pb_column type=&#8221;1_2&#8243; _builder_version=&#8221;4.16&#8243; global_colors_info=&#8221;{}&#8221;][et_pb_image src=&#8221;https:\/\/bcch.com\/wp-content\/uploads\/2023\/05\/etomor.png&#8221; title_text=&#8221;etomor&#8221; align=&#8221;center&#8221; _builder_version=&#8221;4.21.0&#8243; height=&#8221;200px&#8221; border_radii=&#8221;on|100px|100px|100px|100px&#8221; global_colors_info=&#8221;{}&#8221;][\/et_pb_image][et_pb_text _builder_version=&#8221;4.16&#8243; text_font_size=&#8221;13px&#8221; custom_padding=&#8221;||2px|||&#8221; global_colors_info=&#8221;{}&#8221;]<\/p>\n<p style=\"text-align: center;\"><span style=\"color: #c32127;\"><strong>Enik\u0151 Tomor<\/strong><\/span><\/p>\n<p style=\"text-align: center;\"><strong><span>Owner\/Marketing Director<br \/><\/span><span style=\"color: #c32127;\">Tomor Properties\/GTC Hungary<\/span><\/strong><\/p>\n<p>[\/et_pb_text][et_pb_text _builder_version=&#8221;4.21.0&#8243; text_font_size=&#8221;13px&#8221; global_colors_info=&#8221;{}&#8221;]<\/p>\n<p>Enik\u0151 has extensive knowledge and experience in Marketing, and at residential and commercial real property business around Hungary, as well as having formerly served as a Trade &amp; Investment officer at the British Embassy in Budapest under Ambassador Thorpe.<\/p>\n<p>On the professional front, Enik\u0151 is the Marketing Director, Hungary of GTC, a stock-exchange listed company, with extensive commercial asset portfolio in CEE. At the same time, she leads her own company offering full-service property advisory to private and corporate clients.<\/p>\n<p>Enik\u0151 is originally from Budapest, but during her career she lived and worked several years in Germany (Frankfurt am Main and Hamburg) and she also frequently visited the UK. She speaks Hungarian as her native language, English and German at negotiation level.<\/p>\n<p>She is an Economist by trade, having attained her MBA degree at the Budapest Technical University, an MSc at ELTE University in Budapest, and a Certificate in Management at Oxford Brookes, Budapest. She believes in life-long learning and among her plans is to start a PhD study soon.<\/p>\n<p>[\/et_pb_text][\/et_pb_column][\/et_pb_row][et_pb_row column_structure=&#8221;1_2,1_2&#8243; _builder_version=&#8221;4.16&#8243; global_colors_info=&#8221;{}&#8221;][et_pb_column type=&#8221;1_2&#8243; _builder_version=&#8221;4.16&#8243; global_colors_info=&#8221;{}&#8221;][et_pb_image src=&#8221;https:\/\/bcch.com\/wp-content\/uploads\/2023\/06\/DSC_3113crop2.png&#8221; title_text=&#8221;DSC_3113crop2&#8243; align=&#8221;center&#8221; _builder_version=&#8221;4.21.0&#8243; height=&#8221;200px&#8221; border_radii=&#8221;on|100px|100px|100px|100px&#8221; global_colors_info=&#8221;{}&#8221;][\/et_pb_image][et_pb_text _builder_version=&#8221;4.21.0&#8243; global_colors_info=&#8221;{}&#8221;]<\/p>\n<p style=\"text-align: center;\"><span style=\"color: #c32127;\"><strong>Cynthia G\u00e1sp\u00e1r<\/strong><br \/><\/span><\/p>\n<p style=\"text-align: center;\"><span style=\"color: #c32127;\"><strong><\/strong><\/span><\/p>\n<p style=\"text-align: center;\"><strong><span>International Relationship Manager<\/span><br \/><span style=\"color: #c32127;\">Raiffeisen Bank<\/span><\/strong><\/p>\n<p>[\/et_pb_text][et_pb_text _builder_version=&#8221;4.27.4&#8243; hover_enabled=&#8221;0&#8243; global_colors_info=&#8221;{}&#8221; sticky_enabled=&#8221;0&#8243;]<\/p>\n<p>Cynthia started her career at Raiffeisen Bank and has been working there for over 10 years now. As a Trainee, she was employed in the retail field and then started working with international companies in 2015 as a Relationship Manager. At first, she handled companies in the SME segment.<\/p>\n<p>Since 2017, she has been working as a first point of contact for medium-sized and large companies with an international background. In this position her main tasks are networking, acquisitions, participation in tenders, and representing the Bank at several chamber events.<\/p>\n<p>In addition to work, she obtained a degree in economics at the Budapest University of Economics with a specialization in tourism, after it she completed her bachelor\u2019s degree in communication science, majoring in PR, advertising, and marketing at the Metropolitan University (former Budapest Communication College).<\/p>\n<p>She uses her fluent English and German language skills almost every day, and she also speaks a little Spanish.<\/p>\n<p>[\/et_pb_text][\/et_pb_column][et_pb_column type=&#8221;1_2&#8243; _builder_version=&#8221;4.16&#8243; global_colors_info=&#8221;{}&#8221;][et_pb_image src=&#8221;https:\/\/bcch.com\/wp-content\/uploads\/2023\/06\/DSC_3119crop2.png&#8221; title_text=&#8221;DSC_3119crop2&#8243; align=&#8221;center&#8221; _builder_version=&#8221;4.21.0&#8243; height=&#8221;200px&#8221; border_radii=&#8221;on|100px|100px|100px|100px&#8221; global_colors_info=&#8221;{}&#8221;][\/et_pb_image][et_pb_text _builder_version=&#8221;4.16&#8243; global_colors_info=&#8221;{}&#8221;]<\/p>\n<p style=\"text-align: center;\"><span style=\"color: #c32127;\"><strong>K\u00e1roly Oelberg<\/strong><\/span><\/p>\n<p style=\"text-align: center;\"><span style=\"color: #c32127;\"><strong><\/strong><\/span><\/p>\n<p style=\"text-align: center;\"><strong>Managing Director<br \/><span style=\"color: #c32127;\">AACM Central Europe\u00a0<\/span><\/strong><\/p>\n<p>[\/et_pb_text][et_pb_text _builder_version=&#8221;4.27.4&#8243; hover_enabled=&#8221;0&#8243; global_colors_info=&#8221;{}&#8221; sticky_enabled=&#8221;0&#8243;]<\/p>\n<p>K\u00e1roly is the managing director of AACM Central Europe Llc, an innovative Budapest-based consultancy firm focusing on the strategic, innovation and technical aspects of the green economic transition, founded in 1995 with Australian partners and acquired by its management in 1999. It currently operates with a team of seven including a business associate based in Romania.<\/p>\n<p>K\u00e1roly has over 36 years of work experience in research, public service and consultancy. He holds a master\u2019s degree in chemical engineering and a postgraduate diploma in law. During his professional carrier he has gained extensive experience in working with global private sector clients as well as with international donor and lending agencies. He has been involved in various projects throughout the CEE region.<\/p>\n<p>As a Council member, K\u00e1roly key ambition is to further strengthen BCCH\u2019s commitment to environmental and social sustainability.<\/p>\n<p style=\"text-align: center;\">[\/et_pb_text][\/et_pb_column][\/et_pb_row][et_pb_row column_structure=&#8221;1_2,1_2&#8243; _builder_version=&#8221;4.16&#8243; global_colors_info=&#8221;{}&#8221;][et_pb_column type=&#8221;1_2&#8243; _builder_version=&#8221;4.16&#8243; global_colors_info=&#8221;{}&#8221;][et_pb_image src=&#8221;https:\/\/bcch.com\/wp-content\/uploads\/2021\/05\/2.png&#8221; title_text=&#8221;2&#8243; align=&#8221;center&#8221; _builder_version=&#8221;4.16&#8243; height=&#8221;200px&#8221; border_radii=&#8221;on|100px|100px|100px|100px&#8221; global_colors_info=&#8221;{}&#8221;][\/et_pb_image][et_pb_text _builder_version=&#8221;4.16&#8243; global_colors_info=&#8221;{}&#8221;]<\/p>\n<p style=\"text-align: center;\"><span style=\"color: #c32127;\"><strong>Tam\u00e1s Simonyi<\/strong><\/span><\/p>\n<p style=\"text-align: center;\"><strong><span>Senior Director<\/span><br \/><span style=\"color: #c32127;\">KPMG<\/span><\/strong><\/p>\n<p>[\/et_pb_text][et_pb_text _builder_version=&#8221;4.21.0&#8243; global_colors_info=&#8221;{}&#8221;]<\/p>\n<p>Tam\u00e1s used to be a Council Member a decade and a half ago and now for the past two years. He believes the Chamber has made great strides to be relevant and helpful for the community trading and investing with\/to\/from Britain. Being pleased to have presented ideas to further this goal and, at the same time, let members enjoy themselves and the company of others at various events.<\/p>\n<p>The Council is a productive and creative bunch of people and he would be more than ready to continue with the Chamber realizing its objectives. Being able to enrich the life of the business community and coming forward with perhaps unusual but useful initiatives will remain his goal.<\/p>\n<p>The company he represents, KPMG, is a good breeding ground of connections for people who wish to lift their game.<\/p>\n<p>[\/et_pb_text][\/et_pb_column][et_pb_column type=&#8221;1_2&#8243; _builder_version=&#8221;4.16&#8243; global_colors_info=&#8221;{}&#8221;][\/et_pb_column][\/et_pb_row][\/et_pb_section]<\/p>\n","protected":false},"excerpt":{"rendered":"<p>Duncan Graham BCCH Chairman&amp;Managing DirectorG&amp;G Wealth Limited As the Managing Director of G&amp;G Wealth Limited, Duncan Graham is responsible for the direction and growth of a company providing private financial and investment services in Budapest. He successfully opened G&amp;G Wealth Ltd in 2012, an independent company delivering quality investment advice with a personal touch, with [&hellip;]<\/p>\n","protected":false},"author":1,"featured_media":0,"parent":0,"menu_order":0,"comment_status":"closed","ping_status":"closed","template":"","meta":{"_et_pb_use_builder":"on","_et_pb_old_content":"","_et_gb_content_width":"","footnotes":""},"class_list":["post-495","page","type-page","status-publish","hentry"],"yoast_head":"<!-- This site is optimized with the Yoast SEO plugin v24.7 - https:\/\/yoast.com\/wordpress\/plugins\/seo\/ -->\n<title>The Council - BCCH<\/title>\n<meta name=\"robots\" content=\"index, follow, max-snippet:-1, max-image-preview:large, max-video-preview:-1\" \/>\n<link rel=\"canonical\" href=\"https:\/\/bcch.com\/?page_id=495\" \/>\n<meta property=\"og:locale\" content=\"en_GB\" \/>\n<meta property=\"og:type\" content=\"article\" \/>\n<meta property=\"og:title\" content=\"The Council - BCCH\" \/>\n<meta property=\"og:description\" content=\"Duncan Graham BCCH Chairman&amp;Managing DirectorG&amp;G Wealth Limited As the Managing Director of G&amp;G Wealth Limited, Duncan Graham is responsible for the direction and growth of a company providing private financial and investment services in Budapest. He successfully opened G&amp;G Wealth Ltd in 2012, an independent company delivering quality investment advice with a personal touch, with [&hellip;]\" \/>\n<meta property=\"og:url\" content=\"https:\/\/bcch.com\/?page_id=495\" \/>\n<meta property=\"og:site_name\" content=\"BCCH\" \/>\n<meta property=\"article:modified_time\" content=\"2025-05-23T17:43:38+00:00\" \/>\n<meta name=\"twitter:card\" content=\"summary_large_image\" \/>\n<meta name=\"twitter:label1\" content=\"Estimated reading time\" \/>\n\t<meta name=\"twitter:data1\" content=\"11 minutes\" \/>\n<script type=\"application\/ld+json\" class=\"yoast-schema-graph\">{\"@context\":\"https:\/\/schema.org\",\"@graph\":[{\"@type\":\"WebPage\",\"@id\":\"https:\/\/bcch.com\/?page_id=495\",\"url\":\"https:\/\/bcch.com\/?page_id=495\",\"name\":\"The Council - BCCH\",\"isPartOf\":{\"@id\":\"https:\/\/bcch.com\/#website\"},\"datePublished\":\"2020-02-05T14:00:33+00:00\",\"dateModified\":\"2025-05-23T17:43:38+00:00\",\"breadcrumb\":{\"@id\":\"https:\/\/bcch.com\/?page_id=495#breadcrumb\"},\"inLanguage\":\"en-GB\",\"potentialAction\":[{\"@type\":\"ReadAction\",\"target\":[\"https:\/\/bcch.com\/?page_id=495\"]}]},{\"@type\":\"BreadcrumbList\",\"@id\":\"https:\/\/bcch.com\/?page_id=495#breadcrumb\",\"itemListElement\":[{\"@type\":\"ListItem\",\"position\":1,\"name\":\"Home\",\"item\":\"https:\/\/bcch.com\/\"},{\"@type\":\"ListItem\",\"position\":2,\"name\":\"The Council\"}]},{\"@type\":\"WebSite\",\"@id\":\"https:\/\/bcch.com\/#website\",\"url\":\"https:\/\/bcch.com\/\",\"name\":\"BCCH\",\"description\":\"British Chamber of Commerce in Hungary\",\"potentialAction\":[{\"@type\":\"SearchAction\",\"target\":{\"@type\":\"EntryPoint\",\"urlTemplate\":\"https:\/\/bcch.com\/?s={search_term_string}\"},\"query-input\":{\"@type\":\"PropertyValueSpecification\",\"valueRequired\":true,\"valueName\":\"search_term_string\"}}],\"inLanguage\":\"en-GB\"}]}<\/script>\n<!-- \/ Yoast SEO plugin. -->","yoast_head_json":{"title":"The Council - BCCH","robots":{"index":"index","follow":"follow","max-snippet":"max-snippet:-1","max-image-preview":"max-image-preview:large","max-video-preview":"max-video-preview:-1"},"canonical":"https:\/\/bcch.com\/?page_id=495","og_locale":"en_GB","og_type":"article","og_title":"The Council - BCCH","og_description":"Duncan Graham BCCH Chairman&amp;Managing DirectorG&amp;G Wealth Limited As the Managing Director of G&amp;G Wealth Limited, Duncan Graham is responsible for the direction and growth of a company providing private financial and investment services in Budapest. He successfully opened G&amp;G Wealth Ltd in 2012, an independent company delivering quality investment advice with a personal touch, with [&hellip;]","og_url":"https:\/\/bcch.com\/?page_id=495","og_site_name":"BCCH","article_modified_time":"2025-05-23T17:43:38+00:00","twitter_card":"summary_large_image","twitter_misc":{"Estimated reading time":"11 minutes"},"schema":{"@context":"https:\/\/schema.org","@graph":[{"@type":"WebPage","@id":"https:\/\/bcch.com\/?page_id=495","url":"https:\/\/bcch.com\/?page_id=495","name":"The Council - BCCH","isPartOf":{"@id":"https:\/\/bcch.com\/#website"},"datePublished":"2020-02-05T14:00:33+00:00","dateModified":"2025-05-23T17:43:38+00:00","breadcrumb":{"@id":"https:\/\/bcch.com\/?page_id=495#breadcrumb"},"inLanguage":"en-GB","potentialAction":[{"@type":"ReadAction","target":["https:\/\/bcch.com\/?page_id=495"]}]},{"@type":"BreadcrumbList","@id":"https:\/\/bcch.com\/?page_id=495#breadcrumb","itemListElement":[{"@type":"ListItem","position":1,"name":"Home","item":"https:\/\/bcch.com\/"},{"@type":"ListItem","position":2,"name":"The Council"}]},{"@type":"WebSite","@id":"https:\/\/bcch.com\/#website","url":"https:\/\/bcch.com\/","name":"BCCH","description":"British Chamber of Commerce in Hungary","potentialAction":[{"@type":"SearchAction","target":{"@type":"EntryPoint","urlTemplate":"https:\/\/bcch.com\/?s={search_term_string}"},"query-input":{"@type":"PropertyValueSpecification","valueRequired":true,"valueName":"search_term_string"}}],"inLanguage":"en-GB"}]}},"_links":{"self":[{"href":"https:\/\/bcch.com\/index.php?rest_route=\/wp\/v2\/pages\/495","targetHints":{"allow":["GET"]}}],"collection":[{"href":"https:\/\/bcch.com\/index.php?rest_route=\/wp\/v2\/pages"}],"about":[{"href":"https:\/\/bcch.com\/index.php?rest_route=\/wp\/v2\/types\/page"}],"author":[{"embeddable":true,"href":"https:\/\/bcch.com\/index.php?rest_route=\/wp\/v2\/users\/1"}],"replies":[{"embeddable":true,"href":"https:\/\/bcch.com\/index.php?rest_route=%2Fwp%2Fv2%2Fcomments&post=495"}],"version-history":[{"count":39,"href":"https:\/\/bcch.com\/index.php?rest_route=\/wp\/v2\/pages\/495\/revisions"}],"predecessor-version":[{"id":5145,"href":"https:\/\/bcch.com\/index.php?rest_route=\/wp\/v2\/pages\/495\/revisions\/5145"}],"wp:attachment":[{"href":"https:\/\/bcch.com\/index.php?rest_route=%2Fwp%2Fv2%2Fmedia&parent=495"}],"curies":[{"name":"wp","href":"https:\/\/api.w.org\/{rel}","templated":true}]}}